e prime factors of 2*((-153)/y - 1).
151
Let f be (-4)/42*-9*(-28)/(-8). Suppose -f*t = -4*y - 101, 115 = -2*t + 7*t + 4*y. List the prime factors of t.
3
Let q be 15 - (-8)/6*(-12)/8. Suppose 49 = 3*y - 2*f, f + 24 = 4*y - 38. Let u = y - q. List the prime factors of u.
2
Suppose 6*k = 4*k - 4*j - 16, -2*j - 10 = 0. Suppose k*u = -n + 205, -4*u = -5*u. List the prime factors of n.
5, 41
Let s(x) = 1288*x**3 + x**2 - 8*x + 7. What are the prime factors of s(1)?
2, 7, 23
Let r(d) = 3*d + 3. Let z be r(-1). Suppose z = -3*t - 4*o + o + 231, 4*t = 5*o + 299. List the prime factors of t.
2, 19
Suppose 0 = 9*h - 13*h + 20. Suppose h*k + 0*k = 0. Suppose y + 5*y - 186 = k. What are the prime factors of y?
31
Suppose -2*j + 2*y = -y - 57, 2*j - 55 = 5*y. What are the prime factors of 3094/j + (4 - (-434)/(-105))?
103
Let s(c) = c**3 + 4*c**2 + 8*c - 65. What are the prime factors of s(7)?
2, 5, 53
Let w be (0 - 2) + -2 + -1. Let f = 9 + w. Suppose 119 = 4*c - 3*q, -2*c + f*q = -c - 46. What are the prime factors of c?
2, 13
Let o = 243 - -87. Suppose 5*b - 125 = -o. Let a = -20 - b. List the prime factors of a.
3, 7
Suppose -q + 84 = -5*q. Suppose 4*d - 20 = -3*c, -d + 40 = 5*c + 4*d. List the prime factors of (q/c + 2)*92.
23
What are the prime factors of (-191)/4*(-59)/(118/48)?
2, 3, 191
Let o(h) = 2*h**2 + 8*h + 18. Let k be o(-7). Suppose -3*i - 21 = -k. List the prime factors of i.
13
Suppose 5*m = 8*m. Let o(h) = -h**2 + m*h**2 + 0 + 11*h - 1. What are the prime factors of o(9)?
17
Let a(r) = r**3 + 9*r**2 + 2. Let i be a(-9). Suppose 7*g - 3 = -2*j + 4*g, i*g - 2 = -j. Suppose -3*y - 47 + 137 = j. List the prime factors of y.
2, 3, 5
Suppose 1882 = 3*p + 2*p + v, -4*p + 1493 = 5*v. Suppose 5*t - p = 488. What are the prime factors of t?
173
Let d = 20 - 30. Let a(l) = -3*l**2 - l - 1. Let w be a(-1). Let f = w - d. What are the prime factors of f?
7
Let c = 12258 + -8711. What are the prime factors of c?
3547
Suppose 0 = -4*v + 3*v - 1680. List the prime factors of (10/8)/((-15)/v).
2, 5, 7
Suppose -l + 52 = 12. Let c be 3/4 + 90/l. Suppose -c*g + 5*a = 3*a - 61, 3*a = 5*g - 102. List the prime factors of g.
3, 7
Suppose -7248 = -8*j - 0*j. What are the prime factors of j?
2, 3, 151
Suppose -27 - 1 = -4*q. What are the prime factors of 2/q - 7891/(-91)?
3, 29
Let l = -10969 + 15603. What are the prime factors of l?
2, 7, 331
Suppose 2*y - 10 - 10 = 0. Suppose 4*m - 37 = -5*o + 2*m, -y = -o - 3*m. List the prime factors of o.
7
Let d = 8 - 0. Suppose 0*g + d*g - 120 = 0. List the prime factors of g.
3, 5
What are the prime factors of 3 + -1 + 3 + (21 - -1161)?
1187
Let b = 26 + -15. Let o = 18 - b. List the prime factors of o.
7
Let z(v) = -v**3 - v**2 + 2*v + 3. Let x be z(-2). Let w be 5*x*(-1)/(-5). Suppose w*t - 93 = 36. List the prime factors of t.
43
Let w be 25 - (19/38 + 1/(-2)). Suppose 299 + w = 4*x. What are the prime factors of x?
3
Suppose -48*c + 47*c + 9 = 0. Suppose c*t - 56 = 5*t. List the prime factors of t.
2, 7
Let h = 5 - -2. Suppose -5*z = -12*z - h. Let u = z + 4. List the prime factors of u.
3
Suppose 9*v = -741 + 5610. What are the prime factors of v?
541
Let k = 8 - -103. Suppose -3*n + 5*t + k = -2*n, -5*n = 4*t - 468. Suppose -4*u + n = -u. What are the prime factors of u?
2
Suppose 164 - 3968 = -6*i. List the prime factors of i.
2, 317
List the prime factors of (66/7)/((66/(-2849))/(-6)).
2, 3, 11, 37
Let f(v) = -35*v + 13. List the prime factors of f(-19).
2, 3, 113
Let u(o) = 58*o + 2. List the prime factors of u(13).
2, 3, 7
Suppose 0 = -2*y + 10, 0*y = f - 2*y - 13. List the prime factors of f.
23
Let j = 365 - 250. What are the prime factors of j?
5, 23
Let s(i) = -8*i**3 + 4*i**2 - 15*i - 4. List the prime factors of s(-5).
1171
Let v = 36 - 27. Suppose -v*b = -5*b - 264. List the prime factors of b.
2, 3, 11
Suppose -5*h + 257 = 177. What are the prime factors of h?
2
Suppose 25148 = 4*r + 2*l, -8*r + 3*l + 31457 = -3*r. List the prime factors of r.
19, 331
Suppose -h - 2*g + 345 = 0, 3*h + 3*g - 1037 = -8. What are the prime factors of h?
11, 31
Suppose -2060 = -2*c + 382. What are the prime factors of c?
3, 11, 37
Let b(x) = -16*x - 5. Let h be b(-2). Let p(k) = 31*k - h*k - 8 - 3. What are the prime factors of p(8)?
3, 7
Suppose -12*o + 50 = -106. List the prime factors of o.
13
Let i = 5804 - 3554. What are the prime factors of i?
2, 3, 5
Suppose -3*p = 5*t - 2517, -p - 2*t + 5*t + 825 = 0. List the prime factors of p.
2, 3, 139
Suppose -6*o + 2*o = -168. Suppose -o + 2 = y. What are the prime factors of (-11)/(-11)*y/(-1)?
2, 5
Let h(u) be the first derivative of u**3/3 - 5*u**2/2 + 3*u - 13. What are the prime factors of h(-4)?
3, 13
Let k(s) = s**2 + 8*s - 53. What are the prime factors of k(27)?
2, 223
Let i(h) = 31*h**3 - 69*h**3 - 6 + 39*h**3 + h + 5*h + 9*h**2. Let w be -7 + (-3 + 2)/1. List the prime factors of i(w).
2, 5
Let j(k) = k**3 - k**2 + 3*k + 4. Let p be j(4). Suppose -5*f - t + 153 = -185, f - t = p. What are the prime factors of f?
67
Suppose -17*w - 2042 = -5408. What are the prime factors of w?
2, 3, 11
Let y = -113 + 53. Let t = -19 - y. What are the prime factors of t?
41
Let a = -22 - -28. Let f be 150/8 + a/24. Suppose -g - 4*g - 5*c = -185, f = g - 5*c. What are the prime factors of g?
2, 17
Suppose 4*r = 2*j - 8216, 3*j - 9167 = -5*r + 3146. What are the prime factors of j?
2, 2053
Let a(j) = -j**3 + 2*j + 6. Let i be a(-4). Suppose 9 = -5*t + 19. Suppose t*w + 0*r = r + 53, 2*r = -2*w + i. List the prime factors of w.
2, 7
List the prime factors of 1564/2 + 1/(15/45).
5, 157
What are the prime factors of 6 - ((-6)/(-54) - (-87232)/(-36))?
7, 347
Let p be (0 + 3)*5/3. Suppose -5*b - 5 - 52 = 4*a, 2*b = p*a + 30. Let u(d) = d**3 + 9*d**2 + 5*d - 2. What are the prime factors of u(a)?
2, 11
Let v(x) = -x**2 + 8*x - 10. Let k be v(8). Let n be (-1)/(-4) - 957/(-12). List the prime factors of (n/(-25))/(1/k).
2
Let d be 152/26 + (-10)/(-65). List the prime factors of 9/d*(-658)/(-7).
3, 47
Let m = -27 + -112. Let k = m + 270. List the prime factors of k.
131
Let p(m) be the first derivative of -m**5/60 - 11*m**4/24 - 5*m**2/2 - 3. Let o(w) be the second derivative of p(w). What are the prime factors of o(-9)?
2, 3
Let b be (6/(-8))/(-1)*12. Suppose -i - 248 = -b*i. List the prime factors of i.
31
Suppose 4*h = -3*v + 39, h = -4*v + 38 + 1. What are the prime factors of v?
3
Let h(g) = -2*g - 2. Let a be h(6). Let i = -26 - a. Let x(r) = -r**3 - 13*r**2 - 14*r - 11. List the prime factors of x(i).
13
Suppose -w = 4*c + 2*w - 639, c - 2*w = 168. Let p = 302 - c. Suppose 0 = -u - 5*m + 35, -4*m = -2*u - 2*u + p. What are the prime factors of u?
5, 7
Suppose -5*l + 3*x + 2665 + 3965 = 0, -5*x = -l + 1348. What are the prime factors of l?
3, 7
Let z be 9/12 + 14/(-8). What are the prime factors of z*(-2 + 3 + -170)?
13
List the prime factors of (-35)/(4/10*-13 + 5).
5, 7
Let z(x) = x + 8. Let b be z(-3). Suppose -2*t + 2401 = b*t. List the prime factors of t.
7
Let v be (-7)/(-28) + 0 + (-33)/(-12). Let t = -10 - -16. Let r = v + t. List the prime factors of r.
3
Let s(q) = -7*q. Let y(g) = 7*g + 1. Suppose -2*c - 3*c = 10. Let a(z) = c*y(z) - 3*s(z). What are the prime factors of a(4)?
2, 13
Let a = 1103 - 626. What are the prime factors of a?
3, 53
Suppose -17*t = -15*t - 6. List the prime factors of (-1383)/(-24) + t/8.
2, 29
Let k(w) = w**2 - 7*w + 4. Let d be k(6). Let g be (1034/33)/(d/3). Let h = g + 69. What are the prime factors of h?
2, 11
Let l(n) = -2 + 3 - 7*n**2 + 22*n**2 + 22*n**3 - 15*n**2. Let f be (-3 + 2/1)*-1. What are the prime factors of l(f)?
23
Let k(b) = 4*b**2 - 3*b**3 + 7*b**3 - 3*b**3 - 2*b**2 - b. Let m be k(-2). What are the prime factors of ((-30)/7)/(m/(-14))?
2, 3, 5
Let k = -43 + 28. Let x be (-4)/10 - 21/k. What are the prime factors of (x + 1)/((-18)/(-81))?
3
Suppose 3 = -5*t + 4*p - 2, -2*p = -2*t - 4. Suppose -t*s = s - 140. Let q = s - 13. List the prime factors of q.
2, 11
Let f(v) be the second derivative of v**4/12 - 5*v**2/2 + 4*v. Let c be f(3). Suppose -4*r + 32 = c*w - 44, -5*r = -3*w + 41. What are the prime factors of w?
17
Let z be -4 + 2 + 2 - -1. Let r be (-2 + 1)/z*-14. Let k = r + 7. What are the prime factors of k?
3, 7
Let v(